{"id":15,"date":"2010-08-05T10:16:18","date_gmt":"2010-08-05T08:16:18","guid":{"rendered":"http:\/\/www.ferienwohnungaalen.de\/?page_id=15"},"modified":"2015-07-26T09:35:47","modified_gmt":"2015-07-26T07:35:47","slug":"wohn-essbereich","status":"publish","type":"page","link":"http:\/\/www.ferienwohnungaalen.de\/?page_id=15","title":{"rendered":"Wohnbereich"},"content":{"rendered":"<p>Der Wohn- \/ Essbereich befindet sich in S\u00fcdlage mit direktem Zugang zur kleinen Terrasse. Selbstverst\u00e4ndlich d\u00fcrfen Sie auf der Terrasse gerne die Sonne genie\u00dfen und sich entspannen. Hier haben Sie auch die M\u00f6glichkeit zu rauchen.<\/p>\n<div id='gallery-1' class='gallery galleryid-15 gallery-columns-2 gallery-size-medium'><figure class='gallery-item'>\n\t\t\t<div class='gallery-icon landscape'>\n\t\t\t\t<a rel='attachment' href='http:\/\/www.ferienwohnungaalen.de\/wp-content\/uploads\/2015\/07\/DSC07296.jpg'><img loading=\"lazy\" decoding=\"async\" width=\"300\" height=\"225\" src=\"http:\/\/www.ferienwohnungaalen.de\/wp-content\/uploads\/2015\/07\/DSC07296-300x225.jpg\" class=\"attachment-medium size-medium\" alt=\"\" srcset=\"http:\/\/www.ferienwohnungaalen.de\/wp-content\/uploads\/2015\/07\/DSC07296-300x225.jpg 300w, http:\/\/www.ferienwohnungaalen.de\/wp-content\/uploads\/2015\/07\/DSC07296-1024x768.jpg 1024w, http:\/\/www.ferienwohnungaalen.de\/wp-content\/uploads\/2015\/07\/DSC07296-150x113.jpg 150w, http:\/\/www.ferienwohnungaalen.de\/wp-content\/uploads\/2015\/07\/DSC07296-400x300.jpg 400w, http:\/\/www.ferienwohnungaalen.de\/wp-content\/uploads\/2015\/07\/DSC07296.jpg 2048w\" sizes=\"auto, (max-width: 300px) 100vw, 300px\" \/><\/a>\n\t\t\t<\/div><\/figure><figure class='gallery-item'>\n\t\t\t<div class='gallery-icon landscape'>\n\t\t\t\t<a rel='attachment' href='http:\/\/www.ferienwohnungaalen.de\/wp-content\/uploads\/2015\/07\/DSC07295.jpg'><img loading=\"lazy\" decoding=\"async\" width=\"300\" height=\"225\" src=\"http:\/\/www.ferienwohnungaalen.de\/wp-content\/uploads\/2015\/07\/DSC07295-300x225.jpg\" class=\"attachment-medium size-medium\" alt=\"\" srcset=\"http:\/\/www.ferienwohnungaalen.de\/wp-content\/uploads\/2015\/07\/DSC07295-300x225.jpg 300w, http:\/\/www.ferienwohnungaalen.de\/wp-content\/uploads\/2015\/07\/DSC07295-1024x768.jpg 1024w, http:\/\/www.ferienwohnungaalen.de\/wp-content\/uploads\/2015\/07\/DSC07295-150x113.jpg 150w, http:\/\/www.ferienwohnungaalen.de\/wp-content\/uploads\/2015\/07\/DSC07295-400x300.jpg 400w, http:\/\/www.ferienwohnungaalen.de\/wp-content\/uploads\/2015\/07\/DSC07295.jpg 2048w\" sizes=\"auto, (max-width: 300px) 100vw, 300px\" \/><\/a>\n\t\t\t<\/div><\/figure><figure class='gallery-item'>\n\t\t\t<div class='gallery-icon landscape'>\n\t\t\t\t<a rel='attachment' href='http:\/\/www.ferienwohnungaalen.de\/wp-content\/uploads\/2015\/07\/DSC07281.jpg'><img loading=\"lazy\" decoding=\"async\" width=\"300\" height=\"225\" src=\"http:\/\/www.ferienwohnungaalen.de\/wp-content\/uploads\/2015\/07\/DSC07281-300x225.jpg\" class=\"attachment-medium size-medium\" alt=\"\" srcset=\"http:\/\/www.ferienwohnungaalen.de\/wp-content\/uploads\/2015\/07\/DSC07281-300x225.jpg 300w, http:\/\/www.ferienwohnungaalen.de\/wp-content\/uploads\/2015\/07\/DSC07281-1024x768.jpg 1024w, http:\/\/www.ferienwohnungaalen.de\/wp-content\/uploads\/2015\/07\/DSC07281-150x113.jpg 150w, http:\/\/www.ferienwohnungaalen.de\/wp-content\/uploads\/2015\/07\/DSC07281-400x300.jpg 400w, http:\/\/www.ferienwohnungaalen.de\/wp-content\/uploads\/2015\/07\/DSC07281.jpg 2048w\" sizes=\"auto, (max-width: 300px) 100vw, 300px\" \/><\/a>\n\t\t\t<\/div><\/figure><figure class='gallery-item'>\n\t\t\t<div class='gallery-icon landscape'>\n\t\t\t\t<a rel='attachment' href='http:\/\/www.ferienwohnungaalen.de\/wp-content\/uploads\/2015\/07\/DSC07278.jpg'><img loading=\"lazy\" decoding=\"async\" width=\"300\" height=\"225\" src=\"http:\/\/www.ferienwohnungaalen.de\/wp-content\/uploads\/2015\/07\/DSC07278-300x225.jpg\" class=\"attachment-medium size-medium\" alt=\"\" srcset=\"http:\/\/www.ferienwohnungaalen.de\/wp-content\/uploads\/2015\/07\/DSC07278-300x225.jpg 300w, http:\/\/www.ferienwohnungaalen.de\/wp-content\/uploads\/2015\/07\/DSC07278-1024x768.jpg 1024w, http:\/\/www.ferienwohnungaalen.de\/wp-content\/uploads\/2015\/07\/DSC07278-150x113.jpg 150w, http:\/\/www.ferienwohnungaalen.de\/wp-content\/uploads\/2015\/07\/DSC07278-400x300.jpg 400w, http:\/\/www.ferienwohnungaalen.de\/wp-content\/uploads\/2015\/07\/DSC07278.jpg 2048w\" sizes=\"auto, (max-width: 300px) 100vw, 300px\" \/><\/a>\n\t\t\t<\/div><\/figure><figure class='gallery-item'>\n\t\t\t<div class='gallery-icon landscape'>\n\t\t\t\t<a rel='attachment' href='http:\/\/www.ferienwohnungaalen.de\/wp-content\/uploads\/2015\/07\/DSC07277.jpg'><img loading=\"lazy\" decoding=\"async\" width=\"300\" height=\"225\" src=\"http:\/\/www.ferienwohnungaalen.de\/wp-content\/uploads\/2015\/07\/DSC07277-300x225.jpg\" class=\"attachment-medium size-medium\" alt=\"\" srcset=\"http:\/\/www.ferienwohnungaalen.de\/wp-content\/uploads\/2015\/07\/DSC07277-300x225.jpg 300w, http:\/\/www.ferienwohnungaalen.de\/wp-content\/uploads\/2015\/07\/DSC07277-1024x768.jpg 1024w, http:\/\/www.ferienwohnungaalen.de\/wp-content\/uploads\/2015\/07\/DSC07277-150x113.jpg 150w, http:\/\/www.ferienwohnungaalen.de\/wp-content\/uploads\/2015\/07\/DSC07277-400x300.jpg 400w, http:\/\/www.ferienwohnungaalen.de\/wp-content\/uploads\/2015\/07\/DSC07277.jpg 2048w\" sizes=\"auto, (max-width: 300px) 100vw, 300px\" \/><\/a>\n\t\t\t<\/div><\/figure><figure class='gallery-item'>\n\t\t\t<div class='gallery-icon landscape'>\n\t\t\t\t<a rel='attachment' href='http:\/\/www.ferienwohnungaalen.de\/wp-content\/uploads\/2015\/07\/DSC07276.jpg'><img loading=\"lazy\" decoding=\"async\" width=\"300\" height=\"225\" src=\"http:\/\/www.ferienwohnungaalen.de\/wp-content\/uploads\/2015\/07\/DSC07276-300x225.jpg\" class=\"attachment-medium size-medium\" alt=\"\" srcset=\"http:\/\/www.ferienwohnungaalen.de\/wp-content\/uploads\/2015\/07\/DSC07276-300x225.jpg 300w, http:\/\/www.ferienwohnungaalen.de\/wp-content\/uploads\/2015\/07\/DSC07276-1024x768.jpg 1024w, http:\/\/www.ferienwohnungaalen.de\/wp-content\/uploads\/2015\/07\/DSC07276-150x113.jpg 150w, http:\/\/www.ferienwohnungaalen.de\/wp-content\/uploads\/2015\/07\/DSC07276-400x300.jpg 400w, http:\/\/www.ferienwohnungaalen.de\/wp-content\/uploads\/2015\/07\/DSC07276.jpg 2048w\" sizes=\"auto, (max-width: 300px) 100vw, 300px\" \/><\/a>\n\t\t\t<\/div><\/figure>\n\t\t<\/div>\n\n","protected":false},"excerpt":{"rendered":"<p>Der Wohn- \/ Essbereich befindet sich in S\u00fcdlage mit direktem Zugang zur kleinen Terrasse. Selbstverst\u00e4ndlich d\u00fcrfen Sie auf der Terrasse gerne die Sonne genie\u00dfen und sich entspannen. Hier haben Sie auch die M\u00f6glichkeit zu rauchen.<\/p>\n","protected":false},"author":3,"featured_media":0,"parent":0,"menu_order":0,"comment_status":"closed","ping_status":"closed","template":"","meta":{"footnotes":""},"class_list":["post-15","page","type-page","status-publish","hentry","column","twocol"],"_links":{"self":[{"href":"http:\/\/www.ferienwohnungaalen.de\/index.php?rest_route=\/wp\/v2\/pages\/15","targetHints":{"allow":["GET"]}}],"collection":[{"href":"http:\/\/www.ferienwohnungaalen.de\/index.php?rest_route=\/wp\/v2\/pages"}],"about":[{"href":"http:\/\/www.ferienwohnungaalen.de\/index.php?rest_route=\/wp\/v2\/types\/page"}],"author":[{"embeddable":true,"href":"http:\/\/www.ferienwohnungaalen.de\/index.php?rest_route=\/wp\/v2\/users\/3"}],"replies":[{"embeddable":true,"href":"http:\/\/www.ferienwohnungaalen.de\/index.php?rest_route=%2Fwp%2Fv2%2Fcomments&post=15"}],"version-history":[{"count":0,"href":"http:\/\/www.ferienwohnungaalen.de\/index.php?rest_route=\/wp\/v2\/pages\/15\/revisions"}],"wp:attachment":[{"href":"http:\/\/www.ferienwohnungaalen.de\/index.php?rest_route=%2Fwp%2Fv2%2Fmedia&parent=15"}],"curies":[{"name":"wp","href":"https:\/\/api.w.org\/{rel}","templated":true}]}}